 - -3))?
5
Suppose -5*q = -2*q - 1170. Suppose 0 = 6*n - n - q. Suppose -3*y - 18 = -n. What is the units digit of y?
0
Let w(t) = -t + 3. Let v be w(-11). Let z = v - 6. What is the units digit of z?
8
Suppose 0 = -3*s + 6. Suppose -2*d - 3*z = -20, 5*d - s*z - 2*z - 96 = 0. What is the units digit of d?
6
Let f(r) = -r**2 - 2*r + 2. Let y(w) = w - 1. Let i(b) = -f(b) - y(b). Let m be i(3). Let g = m - 7. What is the units digit of g?
4
Let j(m) = 38*m**3 + m**2 - m. What is the tens digit of j(1)?
3
Let l(y) = 6*y + 5. Let c(r) = r. Let f(h) = -5*c(h) + l(h). What is the units digit of f(-4)?
1
Suppose -w - 17 = -q + 7, -3*q - w + 88 = 0. What is the tens digit of q?
2
What is the tens digit of 2 - 3 - -2 - -18?
1
Suppose 5*y - 9*y + 48 = 0. What is the tens digit of y?
1
Suppose 24 = 3*p - p. Let k(l) = -l + 8. Let u be k(4). Suppose u*v - p = 2*v. What is the units digit of v?
6
Let z = -19 + 30. Let q be 4/(-6*(-6)/27). Suppose 0 = -f - 5, 3*n + q*f = 32 - z. What is the tens digit of n?
1
Let y = -36 - -104. What is the tens digit of y?
6
Suppose 2*v = -5 - 5. Let o = v + 11. What is the units digit of o?
6
Suppose 30 = -5*l + 5*t - t, 5*l + 2*t + 30 = 0. Let u = l + 4. What is the units digit of u*((-2)/2 + -1)?
4
Suppose -42*d + 34*d = -528. What is the tens digit of d?
6
Let u(j) = j**2 - j - 2. Suppose 6*v - v = -4*p + 24, 2*p - 2 = 0. Let n be u(v). Let d(g) = -g**3 + 9*g**2 + 11*g - 8. What is the units digit of d(n)?
2
Suppose -8 = -5*o + 5*p + 22, 5*p + 28 = 4*o. Suppose -16 = -o*y + 22. What is the units digit of y?
9
Let i(t) = t**2. Suppose -5*n + 31 = 4*v - 2*n, v + n = 9. What is the tens digit of i(v)?
1
Suppose -g - 4*c = -261, -3*g - 5*c = -g - 519. What is the tens digit of g?
5
Suppose 0 = -g + 6*g + 5*x + 70, -x = -2*g - 28. Let f = -5 - g. What is the units digit of f?
9
Suppose 18 = -q - 3*m, 0 = q - 5*m - 6 - 16. Let h(r) = -18*r**2 - r. Let b be h(q). What is the units digit of 4/22 - b/33?
5
Let g = 32 - 19. Let s = 26 - g. What is the units digit of s?
3
Let y(t) = -t**2 - 5*t + 1. Let d be y(-5). Let k = d - 0. What is the units digit of k?
1
Suppose 0 = 7*q - 3*q - 240. What is the tens digit of q?
6
Suppose -407 = -5*o + 198. What is the hundreds digit of o?
1
Let q = 826 - 518. What is the units digit of q?
8
Let m = -56 + 86. What is the units digit of m?
0
Suppose 0 = -0*a + 3*a + 3. Let k be a/1*4/1. Let u = k + 5. What is the units digit of u?
1
What is the units digit of 7*40*(-3)/(-6)?
0
Let u(z) = 4*z**2 - 2*z - 5*z - 5 + z**3 + 0*z**2. Suppose 0 = t - 4*t - 15. What is the units digit of u(t)?
5
Let c(a) = a**3 - 2*a**2 + a - 2. Let t be c(2). Suppose -4*r + 4*j + 18 = j, t = r - 3*j - 9. Suppose -15 = -n - r. What is the tens digit of n?
1
Suppose 0 = -2*u - 0*x + 3*x + 284, 3*u - 448 = -x. What is the units digit of u?
8
Let w be -3 + 134 - 3 - 2. Suppose -3*z - 4*p - w = 2*z, -z = 5*p + 21. Let y = z - -42. What is the units digit of y?
6
Suppose 3*f - 50 = -2*f. Let g = f + 2. What is the units digit of (g/(-18))/(2/(-21))?
7
Let p = -15 - -35. What is the tens digit of p?
2
Let c(y) = y**2 + y - 38. Let j be c(0). Let l = 58 + j. What is the units digit of l?
0
What is the tens digit of (-46 - 2)/(3/(-4))?
6
Let g(q) = q**2 + 9*q - 5. Let d be g(-10). Let p = -2 - -2. Suppose p = d*b - 4*b - 3. What is the units digit of b?
3
Suppose -2*m = 5*x + 55, 2*x + 24 = -3*m + 2. Let t = -3 - x. What is the units digit of t?
8
Let h(j) = 0*j**2 - j**2 + j + 5 - 3 - j**3. Let x(t) = t**3 - 2*t**2 - t + 2. Let g be x(2). What is the units digit of h(g)?
2
Let p = 16 - 11. Suppose p*b - 3*d = -20, -2*d + 0*d = 5*b + 20. Let a = 2 - b. What is the units digit of a?
6
Let l be 94/6 - 6/9. Suppose -4*a + 3*a = -l. What is the units digit of a?
5
Let x = -23 + 10. Let r = -9 - x. Suppose 4*m = 2*n + 22, r*m - m - 21 = -3*n. What is the units digit of m?
6
Let o = 369 + -239. What is the tens digit of o?
3
Suppose 4*j - 6 = 5*u + 4, j - 13 = -4*u. Suppose -3*x + 18 = j*r, 2*r = -3*r + 2*x + 13. What is the units digit of r?
3
Let c(n) = 2*n. Let f be c(2). Suppose f*x = 65 + 15. What is the tens digit of x?
2
Let g = -2 + 12. Let d(c) = -c**2 + 14*c - 1. What is the units digit of d(g)?
9
Let d = 8 - -14. Let p = 46 - d. What is the units digit of p?
4
Let k(o) = o**3 + 4*o**2 + o + 3. Let m be k(-4). Suppose 4*v - 2 - 2 = 4*s, 0 = -4*s - 5*v + 32. Let f = m + s. What is the units digit of f?
2
Let f(o) = 2*o - 10. Let w be f(7). Suppose -28 = -w*i - 0*i. What is the units digit of i?
7
What is the tens digit of (2/6)/((-1)/(-33))?
1
Suppose -g = -6*g + 20, 3*g = -k + 17. Suppose -7*w - 76 = -2*t - 2*w, k*t + 2*w - 132 = 0. What is the tens digit of t?
2
Suppose 562 = 4*x - 2*v, 3*v - v + 704 = 5*x. What is the units digit of x?
2
Let y = -10 - -15. Let i = y - -2. What is the units digit of i?
7
Let h(j) = j**2 - 6*j - 6. What is the units digit of h(7)?
1
Suppose 128 = -4*s + 3*m, -2*s + m - 78 = -4*m. Let k(w) = -4*w**2 + w + 1. Let x be k(-1). What is the units digit of x/6 + s/(-3)?
9
Suppose 5*k - 4*w + 214 = 0, -188 = 7*k - 3*k + w. Let c be -2 - 34 - (-2 + -1). Let p = c - k. What is the tens digit of p?
1
Suppose 4*m + 4*r - 1024 = -144, 3*r = 6. What is the hundreds digit of m?
2
Let c(q) = -4*q - 2. Let x = 9 - -5. Let i be (-115)/35 - (-4)/x. What is the units digit of c(i)?
0
Suppose 0 = z + 3*h - 85, -3*h = -0*z + 4*z - 313. What is the units digit of z?
6
Suppose 0 = -3*l + 1872 + 342. What is the units digit of l/24 - 2/(-8)?
1
Suppose 3*c + 107 = -3*z + 23, -55 = 2*c + z. Let o be ((-2)/(-3))/((-6)/c). Suppose f = o + 3. What is the units digit of f?
6
What is the tens digit of (1 - -75)*3/6?
3
Suppose 2*p - 106 = 3*g + 2*g, p + 5*g = 23. Let a be 4 - (3 + (2 - 4)). Suppose -4*s + 41 = a*z, -2*s - p = -3*z - 7*s. What is the tens digit of z?
1
Let v be (-3)/12 - (-381)/4. Suppose 2*j - 66 = -5*s - 1, 5*s - v = 4*j. What is the units digit of s?
5
Let h(w) be the first derivative of -7*w**4/4 + 3. What is the units digit of h(-1)?
7
Let p = -4 + 16. What is the units digit of p?
2
Let i = 4 - -4. What is the units digit of i?
8
Suppose 20 = 4*m + m. Suppose m*g = 144 - 60. What is the tens digit of g?
2
Suppose 4*d - 438 = -5*h, -d - 4*h - 120 = -2*d. What is the units digit of d?
2
Suppose 0 = 5*o + 3*x, -3*x = 2*o + x. Let t(z) = z**2 - z + 3. Let f be t(o). Suppose -a + 8 = f*a. What is the units digit of a?
2
Let h(x) = 4*x - 2. Let f be h(-1). Suppose 3*o + 4*k + 4 = 0, 0 = -5*o + 4*o - 5*k - 5. What is the units digit of (-3)/(f + o)*12?
6
Suppose -3*o + 0 + 15 = 0. Let j(f) = f**3 - 4*f**2 - 4*f - 4. What is the units digit of j(o)?
1
Let p = -53 - -78. Let t be (-3 - 6*-1) + 1. Suppose -t*z - z + p = 0. What is the units digit of z?
5
Let h = 238 + 2. What is the units digit of h?
0
Let n = 288 + -166. What is the hundreds digit of n?
1
Let u = 5 - -34. What is the tens digit of u?
3
Suppose -u - 1 + 3 = 0. Suppose -2*m = l - 0*m - 5, 0 = l - u*m - 9. What is the units digit of l?
7
Suppose -18*s + 89 + 829 = 0. What is the tens digit of s?
5
Suppose 0 = 3*k - 5*z + 16, 0 = 2*k - 4*z - 10 + 24. What is the tens digit of -21*1/(-3) + k?
1
Let c(n) = -n**2 + n + 4. Let y be c(0). Let z(i) = -29*i + 34*i - 4 + 1 - i**2. What is the units digit of z(y)?
1
Let h(i) be the first derivative of -1/3*i**3 - 2*i + 2 + 2*i**2. What is the units digit of h(2)?
2
Let g = 161 + 63. What is the tens digit of g?
2
Suppose -4*p - 4*n = -20, -4*p + 3*n + 9 = -p. Suppose p*v = v + 18. What is the units digit of v?
6
Let g = -8 - -18. Let f be 146/g - (-8)/20. Suppose 0*m = 5*m - f. What is the units digit of m?
3
Let p be (6/8)/((-1)/16). Let s = -4 - p. What is the units digit of s?
8
Suppose 3*w = -220 + 91. Let v = 60 + w. What is the units digit of v?
7
What is the units digit of 1722/(-21)*(-4)/2?
4
Suppose 3*p - 2*a = -4*a + 21, 2*p - 3*a = 14. Let o(d) = -d + 1. Let u be o(4). What is the units digit of u/3 + 1 + p?
7
Let n(i) = 1. Let h(j) = j - 1. Let o(b) = -h(b) + 2*n(b). Let p be o(3). Let l = p - -5. What is the units digit of l?
5
Let y(h) = -h**2 + 6*h - 5. Let w be y(4). Suppose -6*i + 27 = -w*i. What is the units digit of i?
9
Let a = 13 + -5. Let i(r) = 0 + r - 4 + 5 - 8. What is the u